1440900 and 250.
50
What is the greatest common divisor of 35 and 73884195?
35
What is the greatest common factor of 278144 and 11739712?
3392
Calculate the greatest common factor of 1884882 and 232678.
634
Calculate the highest common factor of 108 and 31872501.
27
Calculate the highest common factor of 34443006 and 219.
219
What is the greatest common divisor of 106974 and 339066?
378
Calculate the greatest common factor of 13242726 and 315.
63
What is the greatest common factor of 244884 and 96?
12
What is the highest common divisor of 8596 and 1624337?
307
Calculate the highest common factor of 139089952 and 10.
2
Calculate the greatest common factor of 109915 and 12099906.
1157
Calculate the highest common factor of 69911244 and 4563.
1521
Calculate the greatest common factor of 121081908 and 463.
463
What is the highest common factor of 45187960 and 340?
20
What is the greatest common factor of 37560 and 406000?
40
What is the highest common factor of 108717511 and 1257?
419
What is the highest common divisor of 1036 and 18531894?
74
Calculate the greatest common factor of 1516 and 206716.
4
Calculate the highest common factor of 11676 and 67634.
14
What is the greatest common factor of 63723916 and 1222?
94
What is the greatest common factor of 57767763 and 3858?
1929
What is the highest common divisor of 5826 and 506229879?
2913
What is the highest common factor of 6757652 and 3322?
22
What is the highest common divisor of 469 and 11403266?
469
What is the greatest common divisor of 1254 and 8550399?
627
Calculate the greatest common divisor of 195637 and 936.
13
Calculate the greatest common divisor of 4110290 and 5518.
62
Calculate the greatest common divisor of 6857377 and 249.
83
What is the highest common factor of 112525 and 786975?
175
Calculate the greatest common divisor of 137350 and 233830.
670
What is the greatest common divisor of 78 and 700466?
26
Calculate the highest common divisor of 2822 and 1570277.
83
What is the greatest common divisor of 7018914 and 9366?
42
What is the greatest common factor of 31 and 498235689?
31
Calculate the highest common factor of 549 and 4336429.
61
What is the greatest common divisor of 964904 and 25750?
206
Calculate the greatest common divisor of 5980 and 682910020.
5980
What is the highest common divisor of 17100003 and 33015?
93
What is the greatest common divisor of 4762320 and 7312?
16
What is the highest common factor of 185966 and 121462?
22
What is the greatest common factor of 3938805 and 1560?
195
Calculate the highest common factor of 13554 and 22623383.
251
Calculate the greatest common factor of 7352 and 1022847.
919
Calculate the highest common factor of 1467885 and 5415.
15
What is the highest common factor of 595663 and 1815923?
629
What is the greatest common divisor of 513 and 140193666?
513
What is the highest common factor of 4 and 1501004?
4
What is the highest common divisor of 1104369 and 10234?
301
Calculate the greatest common factor of 142 and 611063417.
71
Calculate the highest common factor of 130 and 52456570.
10
What is the greatest common factor of 4290767 and 717?
239
What is the greatest common factor of 5737059 and 45?
9
What is the greatest common divisor of 2124 and 66609?
9
Calculate the highest common factor of 8591839 and 11107.
383
Calculate the highest common factor of 33041 and 137099.
47
Calculate the highest common factor of 1157659043 and 359.
359
Calculate the greatest common divisor of 4296 and 17678040.
4296
Calculate the highest common factor of 319184896 and 4512.
1504
What is the highest common divisor of 79340448 and 1056?
1056
What is the greatest common factor of 107928 and 362758?
2998
Calculate the highest common divisor of 263602 and 28186.
34
Calculate the highest common divisor of 6095030 and 30.
10
Calculate the greatest common divisor of 6174 and 8321866.
686
What is the greatest common divisor of 2454991 and 847?
77
What is the greatest common divisor of 69 and 166299?
3
What is the greatest common factor of 126582228 and 11043?
3681
What is the highest common divisor of 1305 and 30634295?
145
What is the greatest common divisor of 344105193 and 11195?
2239
What is the highest common factor of 38 and 76222642?
38
What is the greatest common divisor of 253808 and 104400?
464
What is the greatest common divisor of 1481 and 8800102?
1481
Calculate the highest common factor of 9563946 and 189588.
2562
Calculate the greatest common factor of 102440655 and 2745.
2745
Calculate the highest common factor of 871631 and 4853.
23
What is the highest common factor of 3708311 and 36246?
863
Calculate the highest common divisor of 333805 and 54035.
505
Calculate the highest common factor of 11 and 459963.
1
What is the greatest common factor of 438 and 22691247?
219
Calculate the greatest common factor of 858117 and 4563.
39
Calculate the highest common factor of 143988355 and 20.
5
Calculate the highest common factor of 41819033 and 42791.
6113
What is the highest common divisor of 16175 and 73325?
25
Calculate the highest common factor of 323 and 1858.
1
Calculate the greatest common factor of 106344 and 241841448.
15192
Calculate the highest common factor of 632667 and 674332.
641
What is the highest common factor of 90 and 106220034?
18
Calculate the greatest common factor of 67654455 and 1563.
1563
Calculate the greatest common divisor of 138244 and 630496.
1292
What is the highest common factor of 2074067 and 861?
41
What is the highest common factor of 850 and 445210?
10
What is the greatest common factor of 155831730 and 76?
38
Calculate the highest common factor of 1881015 and 98790.
1335
Calculate the greatest common divisor of 1374266 and 46966.
2042
What is the highest common divisor of 72046845 and 65?
65
Calculate the greatest common divisor of 21875 and 236425.
175
Calculate the greatest common factor of 494 and 761143097.
247
What is the highest common divisor of 130972 and 52102?
478
What is the greatest common divisor of 2140771 and 184?
23
What is the greatest common divisor of 2980 and 137835430?
1490
Calculate the greatest common divisor of 33070880 and 1080.
40
Calculate the highest common divisor of 18 and 240639582.
6
Calculate the highest common divisor of 377 and 46491887.
13
Calculate the highest common divisor of 63540243 and 639.
639
Calculate the greatest common divisor of 16934898 and 2001.
87
What is the greatest common factor of 320132 and 728284?
652
What is the highest common divisor of 1259 and 1409?
1
What is the greatest common divisor of 4935 and 676620?
105
What is the greatest common divisor of 2272 and 61592032?
32
Calculate the highest common divisor of 28822975 and 59.
59
Calculate the highest common factor of 66470114 and 1098.
122
What is the highest common divisor of 586629 and 132?
3
What is the highest common divisor of 57408 and 10062?
78
Calculate the highest common divisor of 9817591 and 609469.
7343
What is the greatest common factor of 31234 and 430514?
322
Calculate the highest common factor of 294918 and 949962.
1482
Calculate the highest common divisor of 202399514 and 2831.
2831
Calculate the greatest common divisor of 3828555 and 630.
45
Calculate the greatest common divisor of 920382 and 271898.
1454
Calculate the greatest common factor of 434757 and 1038972.
1389
Calculate the highest common factor of 46113303 and 267.
267
What is the highest common divisor of 66 and 18933981?
33
What is the greatest common divisor of 7622930 and 2353666?
4606
Calculate the highest common factor of 6297234 and 14877.
87
Calculate the highest common factor of 4712 and 1189408.
248
What is the highest common factor of 8956 and 265612570?
4478
Calculate the greatest common factor of 85625 and 231530.
685
What is the greatest common divisor of 165326705 and 5?
5
Calculate the highest common factor of 62754730 and 40.
10
Calculate the greatest common factor of 10764 and 12639003.
39
What is the greatest common factor of 311 and 23001871?
311
Calculate the greatest common divisor of 2178 and 2993298.
726
What is the highest common divisor of 786093444 and 108?
108
Calculate the highest common divisor of 169968 and 168.
24
Calculate the highest common factor of 5934201 and 156.
39
Calculate the high